{"id":38,"date":"2019-03-29T18:00:40","date_gmt":"2019-03-29T18:00:40","guid":{"rendered":"https:\/\/www.eberswalderturnerschaft.de\/home\/?page_id=38"},"modified":"2023-09-13T18:54:42","modified_gmt":"2023-09-13T18:54:42","slug":"willkommen","status":"publish","type":"page","link":"https:\/\/www.eberswalderturnerschaft.de\/home\/","title":{"rendered":"Herzlich Willkommen"},"content":{"rendered":"\n<div style=\"height:25px\" aria-hidden=\"true\" class=\"wp-block-spacer\"><\/div>\n\n\n\n<p>Sch\u00f6n, dass du unsere Homepage besuchst. Hier kannst du viel \u00fcber die Strukturen und die Arbeit unseres Turnvereins erfahren.&nbsp;Wir sind mit derzeit&nbsp;<strong>155 Mitgliedern<\/strong>&nbsp;die&nbsp;<strong>zweitgr\u00f6\u00dfte Abteilung<\/strong>&nbsp;des&nbsp;<strong>SV Motor Eberswalde e.V.<\/strong>. <br><br>Wir bieten dir ein umfangreiches Trainingsangebot f\u00fcr Kinder, Jugendliche und Erwachsene, darunter auch spezielle Angebote wie das Kleinkinderturnen an. Regelm\u00e4\u00dfige Veranstaltungen wie Vereinsfeste und gemeinsame Aktivit\u00e4ten st\u00e4rken das Zusammengeh\u00f6rigkeitsgef\u00fchl und sorgen f\u00fcr eine tolle Gemeinschaft.<br>Wir legen dabei gro\u00dfen Wert auf die individuelle F\u00f6rderung und Anleitung unserer Mitglieder und setzen besonderen Fokus auf die sportliche und soziale Entwicklung jedes Einzelnen.<br><br>Besuche unsere Veranstaltungen und lerne uns kennen! Als Mitglied profitierst du von einer umfangreichen Betreuung durch unsere ausgebildeten Trainer und \u00dcbungsleiter und hast die M\u00f6glichkeit, an Wettk\u00e4mpfen und Meisterschaften teilzunehmen. Du wirst Teil einer engagierten und motivierten Turnfamilie, bei der jeder herzlich willkommen ist.<\/p>\n\n\n\n<p>Schau dich auf unserer Seite um und erfahre mehr \u00fcber uns! Wir freuen uns auf dich!<\/p>\n\n\n\n<div style=\"height:25px\" aria-hidden=\"true\" class=\"wp-block-spacer\"><\/div>\n","protected":false},"excerpt":{"rendered":"<p>Sch\u00f6n, dass du unsere Homepage besuchst. Hier kannst du viel \u00fcber die Strukturen und die Arbeit unseres Turnvereins erfahren.&nbsp;Wir sind mit derzeit&nbsp;155 Mitgliedern&nbsp;die&nbsp;zweitgr\u00f6\u00dfte Abteilung&nbsp;des&nbsp;SV Motor Eberswalde e.V.. Wir bieten dir ein umfangreiches Trainingsangebot f\u00fcr Kinder, Jugendliche und Erwachsene, darunter auch spezielle Angebote wie das Kleinkinderturnen an. Regelm\u00e4\u00dfige Veranstaltungen wie Vereinsfeste und gemeinsame Aktivit\u00e4ten st\u00e4rken das &#8230; <a title=\"Herzlich Willkommen\" class=\"read-more\" href=\"https:\/\/www.eberswalderturnerschaft.de\/home\/\" aria-label=\"Mehr bei Herzlich Willkommen\">Read more<\/a><\/p>\n","protected":false},"author":1,"featured_media":0,"parent":0,"menu_order":0,"comment_status":"closed","ping_status":"closed","template":"","meta":{"_coblocks_attr":"","_coblocks_dimensions":"","_coblocks_responsive_height":"","_coblocks_accordion_ie_support":"","footnotes":""},"class_list":{"0":"post-38","1":"page","2":"type-page","3":"status-publish","5":"no-featured-image-padding"},"_links":{"self":[{"href":"https:\/\/www.eberswalderturnerschaft.de\/home\/wp-json\/wp\/v2\/pages\/38","targetHints":{"allow":["GET"]}}],"collection":[{"href":"https:\/\/www.eberswalderturnerschaft.de\/home\/wp-json\/wp\/v2\/pages"}],"about":[{"href":"https:\/\/www.eberswalderturnerschaft.de\/home\/wp-json\/wp\/v2\/types\/page"}],"author":[{"embeddable":true,"href":"https:\/\/www.eberswalderturnerschaft.de\/home\/wp-json\/wp\/v2\/users\/1"}],"replies":[{"embeddable":true,"href":"https:\/\/www.eberswalderturnerschaft.de\/home\/wp-json\/wp\/v2\/comments?post=38"}],"version-history":[{"count":57,"href":"https:\/\/www.eberswalderturnerschaft.de\/home\/wp-json\/wp\/v2\/pages\/38\/revisions"}],"predecessor-version":[{"id":1001,"href":"https:\/\/www.eberswalderturnerschaft.de\/home\/wp-json\/wp\/v2\/pages\/38\/revisions\/1001"}],"wp:attachment":[{"href":"https:\/\/www.eberswalderturnerschaft.de\/home\/wp-json\/wp\/v2\/media?parent=38"}],"curies":[{"name":"wp","href":"https:\/\/api.w.org\/{rel}","templated":true}]}}